(i) = 2*i - 12. Determine p(7).
2
Let j(y) = 3*y + 21. Give j(-4).
9
Let w(o) = -4*o**2 + 3*o + 1. Calculate w(3).
-26
Let p(x) = -56*x + 480. Determine p(9).
-24
Let o(j) = -2*j**2 - 18*j - 34. Determine o(-11).
-78
Let y(p) = 3*p - 1. Determine y(2).
5
Let q(x) = -98*x**3 + 2*x**2 - x - 1. What is q(1)?
-98
Let u(d) = -d**2 + 12*d + 13. Determine u(13).
0
Let v(k) = -27*k + 79. What is v(4)?
-29
Let q(w) = -7*w - 273. Give q(-39).
0
Let p(l) = l**2 - 7*l + 13. What is p(5)?
3
Let c(t) = t**2 + 21*t + 13. Calculate c(-20).
-7
Let h(x) = 18*x + 18. Determine h(0).
18
Let c(l) = -15*l**2 - 13*l - 21. Determine c(-2).
-55
Let t(m) = m**2 - 9*m + 7. Give t(8).
-1
Let d(q) = -2*q - 14. Give d(-5).
-4
Let a(d) = -4*d + 36. What is a(13)?
-16
Let n(a) = 3*a + 1. Determine n(-2).
-5
Let s(w) = -w**3 - 25*w**2 + 22*w - 108. Give s(-26).
-4
Let m(q) = 11*q**2 + 2*q - 1. Determine m(-2).
39
Let m(y) = -y**2 + y + 43. Calculate m(0).
43
Let b(f) = 8*f - 1. What is b(-1)?
-9
Let f(n) = -n**2 + 7*n - 3. Determine f(7).
-3
Let s(a) = -a**3 - 4*a**2 + 78*a - 15. Give s(7).
-8
Let h(t) = -2*t**2 + 44*t - 80. What is h(20)?
0
Let l(j) = -j**3 + 7*j**2 + 9*j - 10. What is l(8)?
-2
Let g(l) = l**3 - 15*l**2 + 14*l + 6. What is g(14)?
6
Let j(c) = c**2 + 27*c - 20. Give j(-28).
8
Let m(d) = -d**3 - 2*d**2 + 7*d + 4. Calculate m(4).
-64
Let v(c) = -c + 4. Give v(0).
4
Let q(z) = 4*z**3 + z**2 - 5*z - 2. Give q(-2).
-20
Let g(p) = -p**3 - 9*p**2 - 3*p. Give g(-8).
-40
Let f(d) = -4*d + 12. Calculate f(7).
-16
Let o(w) = w**3 - 3*w**2 - w + 1. Determine o(2).
-5
Let b(f) = f**3 - 8*f**2 - 8*f + 6. What is b(9)?
15
Let t(j) = -j**3 + 5*j**2 + 5*j + 2. Determine t(6).
-4
Let n(k) = -4*k**2 - 6*k + 6. Determine n(1).
-4
Let o(h) = 8*h. Determine o(-2).
-16
Let s(c) = -c**2 + 5*c + 5. Determine s(-2).
-9
Let b(z) = -z**2 - 16*z + 112. What is b(-21)?
7
Let i(g) = -g**2 - g. Give i(-5).
-20
Let o(k) = 2*k**3 - k**2 + k. What is o(1)?
2
Let u(h) = -h**2 - 17*h - 48. What is u(-12)?
12
Let j(z) = 4*z + 3. What is j(-2)?
-5
Let y(i) = i**3 - i**2 + i - 14. Determine y(0).
-14
Let f(h) = h**2 + 25*h - 78. Determine f(-28).
6
Let j(g) = -3*g - 75. Determine j(-25).
0
Let o(w) = -93*w + 2517. Calculate o(27).
6
Let m(s) = -s**2 + 8*s + 36. What is m(11)?
3
Let x(r) = r**3 + 6*r**2 + r - 1. Give x(-6).
-7
Let v(s) = -9*s + 20. Calculate v(3).
-7
Let b(z) = z**2 + 14*z + 37. Give b(-10).
-3
Let l(f) = -29*f + 782. Determine l(27).
-1
Let s(r) = -r**3 - 15*r**2 + 12*r - 20. What is s(-16)?
44
Let r(a) = 2*a**2 - 2*a. What is r(-1)?
4
Let w(t) = -2*t + 12. Give w(-6).
24
Let x(p) = -6*p**2 + 44*p - 9. Calculate x(7).
5
Let y(i) = -57*i**2 - 2*i - 1. Determine y(-1).
-56
Let k(s) = -s**3 - 13*s**2 - 11*s - 5. Calculate k(-12).
-17
Let d(h) = -h + 3. Give d(-6).
9
Let j(g) = g**3 + 3*g**2 - 3. Calculate j(-3).
-3
Let k(y) = -29*y**2 - 5. Calculate k(3).
-266
Let n(t) = -t**2 - 2*t + 1. Determine n(-4).
-7
Let p(j) = -j**2 + 20*j - 87. Determine p(15).
-12
Let w(n) = -7*n - 11. Calculate w(-1).
-4
Let s(f) = -f**3 + 6*f**2 + 9*f - 10. Determine s(7).
4
Let d(m) = m**3 - 15*m**2 - 33*m - 20. What is d(17)?
-3
Let z(c) = 4*c**3 - 3*c**2 + 1. Give z(2).
21
Let z(o) = -60*o - 1. Determine z(-1).
59
Let f(m) = 3*m - 44. Give f(15).
1
Let g(r) = 7*r**2 + 55*r + 2. Give g(-8).
10
Let r(z) = -z**3 + 3*z**2 - 3*z + 4. Give r(3).
-5
Let c(b) = -b - 2. Calculate c(5).
-7
Let y(r) = -r**3 - 5*r**2 + 10*r - 23. Calculate y(-7).
5
Let f(x) = -4*x**2 + 8*x - 16. What is f(3)?
-28
Let b(o) = o**2 - 2*o - 8. Calculate b(-6).
40
Let v(q) = 2*q**2 + 4*q - 5. Calculate v(-5).
25
Let t(d) = 107*d - 2. Give t(-1).
-109
Let p(r) = -r**3 - 6*r**2 + 5. What is p(-6)?
5
Let t(s) = -s**3 - 6*s**2 - 4*s + 8. Determine t(-5).
3
Let d(m) = -17*m**2 - m - 1. Determine d(-1).
-17
Let r(f) = -f**2 + f + 16. Calculate r(-4).
-4
Let s(o) = -o**3 + 55*o**2 - 104*o - 111. Determine s(53).
-5
Let c(v) = -2*v**3 + 11*v**2 + v + 19. Determine c(6).
-11
Let x(r) = -r**3 + 19*r**2 + 2*r - 24. Determine x(19).
14
Let b(s) = 2*s + 2. Determine b(-11).
-20
Let a(z) = -z - 10. Determine a(3).
-13
Let d(w) = -4*w**2 + 30*w + 47. Calculate d(9).
-7
Let k(f) = -3*f**2 + 26*f - 13. Calculate k(8).
3
Let a(q) = 2*q + 8. What is a(0)?
8
Let b(g) = 3*g**3 + 4*g**2 + 3*g - 4. Calculate b(3).
122
Let l(q) = q**2 + 2*q - 1. Determine l(6).
47
Let v(s) = s**3 - 11*s**2 - 2*s - 2. Give v(11).
-24
Let u(o) = 12*o - 57. Give u(5).
3
Let g(q) = -q**3 + 7*q**2 - 5*q - 9. What is g(5)?
16
Let m(z) = -z**2 - 5*z - 7. Calculate m(-5).
-7
Let m(o) = -7*o**2 - 2. Determine m(2).
-30
Let n(k) = 3*k - 63. What is n(20)?
-3
Let v(h) = -2*h**3 + 5*h**2 + 7*h - 2. Determine v(3).
10
Let f(i) = -i**2 - 3*i + 55. Give f(5).
15
Let b(o) = -6*o + 138. Calculate b(25).
-12
Let p(q) = 2*q - 95. What is p(-15)?
-125
Let b(i) = -4*i + 24. What is b(5)?
4
Let j(y) = -y + 11. Give j(9).
2
Let z(w) = w**2 - 2*w - 1. Determine z(-2).
7
Let u(r) = -r**2 + 8*r + 2. What is u(8)?
2
Let i(f) = -f - 7. Calculate i(12).
-19
Let z(h) = h**2 - 5*h + 7. Calculate z(6).
13
Let k(g) = 9*g + 123. Calculate k(-12).
15
Let c(t) = t**2 + 5*t - 6. Calculate c(-3).
-12
Let j(l) = -l**2 - 12*l + 11. Calculate j(-12).
11
Let r(y) = -y**2 + 20*y + 17. Determine r(19).
36
Let v(a) = a**3 + 8*a**2 - 3*a - 20. Calculate v(-8).
4
Let y(d) = 7*d**2 + d - 3. Give y(2).
27
Let c(h) = 6*h + 9. What is c(-7)?
-33
Let h(d) = -51*d + 360. Give h(7).
3
Let k(b) = b**3 - 3*b**2 - 6*b - 1. Calculate k(-2).
-9
Let n(d) = -d**3 + 13*d**2 + 30*d - 7. Calculate n(15).
-7
Let l(d) = -d**2 - d + 20. Give l(6).
-22
Let s(b) = b**3 + b. Give s(-1).
-2
Let d(y) = 18*y + 133. What is d(-8)?
-11
Let s(c) = -c**3 + c**2 + 9*c - 14. Calculate s(2).
0
Let g(n) = -n**3 - 20*n**2 - 42*n + 43. Give g(-18).
151
Let m(j) = -j**3 - 3*j**2 + 4*j - 5. What is m(-4)?
-5
Let o(f) = -f**2 - 14*f - 10. Give o(-13).
3
Let l(b) = 2*b**2 + 19*b + 2. Give l(-13).
93
Let u(r) = r - 28. Calculate u(0).
-28
Let x(f) = f**2 + 12*f + 13. What is x(-11)?
2
Let q(r) = -r**3 - 6*r**2 + 14*r + 42. Give q(-6).
-42
Let n(h) = h**2 + 51*h + 138. Determine n(-48).
-6
Let l(u) = -5*u**3 - 2*u**2 + u + 1. Give l(1).
-5
Let y(v) = v**3 - 11*v**2 + 12*v - 16. What is y(10)?
4
Let q(s) = -2*s - 11. What is q(-9)?
7
Let n(h) = h**3 + 14*h**2 - h - 10. What is n(-14)?
4
Let a(x) = -7*x. Calculate a(8).
-56
Let k(l) = l**2 + 10*l + 6. Determine k(-10).
6
Let m(l) = l**3 - 10*l**2 + 12*l - 11. Determine m(9).
16
Let d(t) = 4*t - 1. Give d(-5).
-21
Let j(l) = l**3 + 9*l**2 - 28*l + 15. Give j(2).
3
Let s(q) = 2*q**2 - 17*q - 44. Give s(10).
-14
Let u(k) = 6*k + 12. Give u(0).
12
Let k(d) = -d**2 + 52*d - 353. Determine k(44).
-1
Let t(m) = 11*m + 30. Calculate t(-3).
-3
Let m(p) = 38*p - 1. Give m(-1).
-39
Let i(s) = -s**2 - 3*s - 1. What is i(-4)?
-5
Let q(b) = -2*b**2 + 5*b + 5. Calculate q(5).
-20
Let a(b) = -b**2 + b - 4. Give a(5).
-24
Let g(o) = o + 6. What is g(8)?
14
Let u(p) = -14*p + 58. Give u(8).
-54
Let b(s) = -s - 16. Give b(17).
-33
Let r(f) = -f**3 + 4*f**2 + 6*f - 6. What is r(5)?
-1
Let a(d) = d**2 - 66*d + 401. What is a(59)?
-12
Let i(l) = l**2 + 45*l - 247. Give i(5).
3
Let d(t) = 3*t + 12. Calculate d(-7).
-9
Let l(n) = -n**3 + n**2 + n - 8. Calculate l(0).
-8
Let h(q) = -q**3 - 11*q**2 + 11*q - 11. Give h(-12).
1
Let x(n) = n**2 + 10*n + 5. What is x(-13)?
44
Let h(y) = y**3 - 4*y**2 - 14*y - 5. Calculate h(6).
-17
Let p(w) = -11*w + 292. Give p(26).
6
Let b(w) = -4*w**2 + 7*w - 1. Give b(5).
-66
Let j(p) = -p**3 + 8*p**2 - p - 35. Determine j(4).
25
Let w(c) = 3*c**3 + c**2 + c - 1. Determine w(-2).
-23
Let b(v) = v**2 + 2*v - 12. What is b(0)?
-12
Let x(p) = -p - 24. Determine x(-29).
5
Let n(m) = -21*m**3 + 4*m**2 + 3*m - 1. What is n(-1)?
21
Let y(m) = 5*m**3 + 4*m**2 + 5*m + 2. Determine y(-2).
-32
Let b(m) = -m**3 + 3*m**2 - 2. Determine b(4).
-18
Let k(b) = b**3 - 3*b**2 - 2*b - 2. Give k(-2).
-18
Let z(h) = 26*h + 32. What is z(-1)?
6
Let x(p) = -p**2 + 11*p - 36. Calculate x(4).
-8
Let v(a) = -a**3 - 14*a**2 + 29*a - 44. Calculate v(-16).
4
Let p(f) = -f**3 + 9*f**2 - 2*f - 3. What is p(9)?
-21
Let y(n) = n**3 - 6*n**2 - 11*n + 30. Determine y(7).
2
Let i(x) = x**2 + 11. What is i(0)?
11
Let z(g) = 7*g - 16. Determ